 (-1 - -2)/(-1)?
2, 5, 23
Let f(r) = -353*r**3 + r**2 - 3*r - 4. List the prime factors of f(-1).
353
Suppose 0 = 157*j - 553677 - 131000. List the prime factors of j.
7, 89
Let s be (-1)/((2 + 2)/4). Let v be s/4 + 26/8. Suppose 7*b - 264 = v*b. List the prime factors of b.
2, 3, 11
Let r(g) = 11*g + 8. Let i be r(6). Suppose -2*h - 176 = i. Let v = -88 - h. What are the prime factors of v?
37
Let g(l) = -l**2 + 7*l + 19. Suppose -60 = -4*v + 4*i, 5*i = -5*v + i + 48. Let x be g(v). Let u = x + 107. What are the prime factors of u?
2, 3, 11
Suppose -4*i + 2*p + 26 = 0, -4*p - 15 - 13 = -2*i. Suppose 0 = -2*f + 17*t - 13*t, 3*f + 4*t = -20. What are the prime factors of i - -2*(5 - f)?
2, 11
Let s(p) = -2*p**2 + 10*p + 6. Let z be s(5). Let w be z/21 - (-108)/14. Suppose -7 = -3*o + w. What are the prime factors of o?
5
Let u be (-550)/(-14) + 4/(-14). Suppose -3*b = -6*b + u. Let g = b - 9. What are the prime factors of g?
2
Let t = 186 + -45. List the prime factors of t.
3, 47
Let f = -19 - -77. Let a = f + -35. What are the prime factors of a?
23
Suppose -d = -3*d + 16. Let u(z) = z**2 - 10*z + 4. Let t be u(d). List the prime factors of 3/(t/(-116)) - 0.
29
Let n be (2/(-3))/(5/(-15)). Suppose 0 = -n*k + 6*k - 8. What are the prime factors of (-20 + k)*12/(-8)?
3
Suppose 13*x = 10*x - 42. Let i = x + 19. Suppose -3 = 2*w + 1, -3*n + i*w + 85 = 0. List the prime factors of n.
5
Let s = 2 - 1. Let k(q) = -31*q - 39*q + 72*q. What are the prime factors of k(s)?
2
Let m = -13 + 16. Suppose m*v + 5*d = 5, 4*v + 0*d + 3*d = 25. List the prime factors of v.
2, 5
Suppose 5*f = -14 + 224. Let z = f + 5. List the prime factors of z.
47
Let j(w) be the first derivative of w**2/2 + 15*w + 14. Let p(f) = -3*f - 44. Let r(n) = 21*j(n) + 6*p(n). List the prime factors of r(0).
3, 17
What are the prime factors of (-153)/6*(-7 + 535/(-15))?
2, 17
Suppose -5*s + 250 = -3*j, 4*j - 110 = 5*j + 5*s. Let p = 93 + j. List the prime factors of p.
3
Let y = -18 + 12. Let k(c) be the first derivative of -3*c**2 - 4*c - 22. What are the prime factors of k(y)?
2
Suppose -4*a + 4088 = 5*x - 343, -4*x = 5*a - 5532. Suppose 5*n - a = 111. What are the prime factors of n?
3
Let l = 1092 - 726. What are the prime factors of l?
2, 3, 61
Let m(j) = 36*j - 107. Let g be m(5). Let b(l) = -l**3 + 6*l**2 - 9*l + 2. Let q be b(6). Let c = g + q. What are the prime factors of c?
3, 7
Suppose -3*g = 2*g. Suppose b - 10 - 16 = g. What are the prime factors of b?
2, 13
Let r be (-3)/2*2*2. Let p be (-634)/r - (-4)/(-6). Suppose -18 - p = -3*w. What are the prime factors of w?
41
Suppose 0 = 6*i + 4*m - 14036, 6*i - 5*m - 9388 = 2*i. What are the prime factors of i?
2, 1171
Let t = 117 - 113. Suppose 4*r - 2*o = 130, 5*r + t*o = r + 148. List the prime factors of r.
2, 17
Suppose -n - 8 - 53 = 0. Let r = -32 - n. Suppose 3*x - r = x + s, x + 2*s - 22 = 0. List the prime factors of x.
2
Let i be (-2)/((-3)/12*2)*1. Suppose s - i*u + 0*u - 57 = 0, 2*s = 4*u + 134. What are the prime factors of s?
7, 11
Let r(w) = w**3 - 22*w**2 - 102*w - 45. What are the prime factors of r(28)?
3, 601
Suppose i + 4*i - 160 = 0. Let j = -29 + i. Let a(p) = 2*p**2 - 3*p + 4. What are the prime factors of a(j)?
13
Suppose 2*f = -4*u + f - 21, -10 = 2*f. Let t be (-2 - u) + 9 + -7. What are the prime factors of t/6*(7 - -17)?
2
Let u = 11 - 2. Suppose 12*j = u*j + 147. List the prime factors of j.
7
Suppose -4*h + 3*d + 1606 = 442, 0 = -4*d. Let m = h + -197. List the prime factors of m.
2, 47
Suppose 5*n - 51 = 2*y, 2*y + 17 = 2*n - 7. Let v be (-2 + 1)/1 - 4. Let o = n - v. List the prime factors of o.
2, 7
Suppose -3*l + 11 = -a, 2*a - 5*a + 4*l = 8. Suppose -15 = -5*u, -2*i + 2*u = a*u - 14. List the prime factors of i/(-8) - (-54)/4.
13
Suppose -157 = -5*o - 57. Let k(p) = -p**3 + 18*p**2 + 46*p - 26. List the prime factors of k(o).
2, 47
List the prime factors of ((-12)/(-10))/((-12)/(-40)) - -253.
257
Suppose h = 53 - 25. What are the prime factors of h?
2, 7
Let y = 687 + -205. List the prime factors of y.
2, 241
Suppose -12*x - 3*h + 8388 = -9*x, -x - 4*h + 2793 = 0. What are the prime factors of x?
2797
Let m = -14 - -34. Let v = 26 + m. List the prime factors of v.
2, 23
Let g(q) = -q - 5. Let j be g(-5). Suppose 3*o = 4*v - 13 - 45, j = -v + 5*o + 23. Suppose -a = -s - v, a + 3*a + 4*s - 68 = 0. What are the prime factors of a?
3, 5
Suppose -4*y - y = 5*t - 3160, 0 = y - 2*t - 638. List the prime factors of y.
2, 317
Suppose 0 = -3*k + 4*h + 83, h = k + 6*h - 15. List the prime factors of k.
5
Let b(f) = 390*f**2 + 6*f + 3. What are the prime factors of b(-1)?
3, 43
Suppose 4*r = 9*r - 15. Suppose -2*l + 70 = -5*d, r*d - 10 = -4. List the prime factors of l.
2, 5
Let x(h) = h**3 - 2*h**2 - 4*h + 6. Let y be x(6). Suppose 3*v = -51 + y. What are the prime factors of v?
5
Suppose h + 1384 = 2*s, 6*s + 2764 = 10*s - 4*h. What are the prime factors of s?
3, 7, 11
Suppose -6*r = -65 - 67. Suppose -4*y = -30 - r. What are the prime factors of y?
13
Suppose 0 = 4*z + 5*a - 259, 0 = -0*z + 3*z - 3*a - 228. Let b = z + 52. Suppose -333 = -5*q - b. What are the prime factors of q?
2, 3, 7
Suppose 2*p + q - 9 = 0, -3*p + 4*q = 2*q + 4. Suppose 114 = p*y - 0*y + 4*l, -5*l = 25. What are the prime factors of y?
67
Let a be (12/14)/(2/14). Let j = a - 9. What are the prime factors of -5*(-7 + (0 - j))?
2, 5
Let k(v) = 4*v**3 + v**2 + 1. Let j be k(-2). What are the prime factors of -33*3/j*3?
11
Suppose 0 = 3*d + 13 - 1, 3*y = 5*d - 52. Let u be y*(-7)/((-63)/6). What are the prime factors of (-8)/(-4) - (u - 3)?
3, 7
Let s be 88/11*1/4. Let x be (-18)/(-4)*22 + 1. Suppose -2*f = s*f - x. What are the prime factors of f?
5
Suppose -6*y - 635 = -11*y. Suppose -2*k + 0*k + 234 = 4*v, 0 = -k - 4*v + y. What are the prime factors of k?
107
What are the prime factors of -1*2190/(36/(-6))?
5, 73
Suppose 0 = 115*y - 117*y + 3*j + 2762, 5524 = 4*y + 3*j. List the prime factors of y.
1381
Let i(n) = 14*n**2 - n**3 + 4*n - 3*n**2 + 11*n - n**2 + 1. Let s(d) = -d**2 - 7*d + 5. Let v be s(-6). List the prime factors of i(v).
3, 5
Let h(t) = -2*t + 17. Let q be h(-7). Suppose -1 = -z + q. List the prime factors of z.
2
Let q(r) = 4*r**2 + 63*r + 19. What are the prime factors of q(-16)?
5, 7
Suppose -6*o - 29 - 1 = 0. Let z(r) = -r**3 + 7*r**2 + 14*r + 10. What are the prime factors of z(o)?
2, 3, 5
Let g = -75 + 37. Let n be 3/7 - (-20)/(-14). List the prime factors of 1 + g*n/2.
2, 5
Suppose -43*l = -148268 + 39994. What are the prime factors of l?
2, 1259
Suppose 55*g - 41145 = 10225. What are the prime factors of g?
2, 467
What are the prime factors of (((-63296)/10)/4)/(34/(-85))?
2, 23, 43
Suppose k = 2*k - 7. Let t(u) = 4*u + 3. Let i be t(k). Let r = -15 + i. List the prime factors of r.
2
Let j = -30 - -30. Suppose -3*m + 10 = -0*m - 4*v, j = -3*v - 3. What are the prime factors of m?
2
Let p(a) = 14*a**2 - 15*a + 43. What are the prime factors of p(5)?
2, 3, 53
List the prime factors of 5 - (-4 + 4 + -451) - -3.
3, 17
Let x = -64 - -59. List the prime factors of 156 + (1 - (x + 9)).
3, 17
Let m(b) = -8*b - 32*b**3 + 33*b**3 - 15*b**2 - 14*b + 23. List the prime factors of m(17).
227
Let m(j) = -3*j**2 + 8*j**3 + 2*j**2 + 2*j - j**2 - 5 - 9*j**3. What are the prime factors of m(-4)?
19
Let r(t) be the third derivative of -5*t**4/12 - 5*t**3/6 + 13*t**2. What are the prime factors of r(-7)?
5, 13
Let f(q) = q**2 - 4*q + 5. Let y be f(5). Let h be (-42)/4*y/15. Let z = h + 13. List the prime factors of z.
2, 3
Suppose 4*x = -0*x - l + 3155, 4*l + 3949 = 5*x. What are the prime factors of x?
3, 263
Let i = 1 - 5. What are the prime factors of (-1710)/(-24) - (-1)/i?
71
Suppose -5*m + 116 = 2*w, -w - 3*m + 58 = -0*w. List the prime factors of w.
2, 29
Suppose 4*n = -2*n. Let j(w) = 2*w**2 + 7*w + 4. Let x be j(-4). Suppose n = s + x - 44. What are the prime factors of s?
2, 3
Suppose 5*k + 2*s + 25 = 66, -5*k + 53 = -4*s. Let n be 1716/k + (-2)/(-6). Suppose 5*x - n + 31 = 0. What are the prime factors of x?
2
Let a(m) = 15 + 2*m - 4*m - 20. Let r be a(-4). Suppose r = w - 10. List the prime factors of w.
13
Let a(h) = h**3 - 15*h**2 + 14*h + 4. Let n be a(14). Suppose 483 = 2*b + 4*v + 181, -v + n = 0. What ar